{"id":3184,"date":"2018-03-03T06:19:29","date_gmt":"2018-03-03T06:19:29","guid":{"rendered":"http:\/\/themes.radiantthemes.com\/builderpro\/?page_id=2"},"modified":"2020-03-05T19:21:45","modified_gmt":"2020-03-05T18:21:45","slug":"home-version-1","status":"publish","type":"page","link":"https:\/\/tsi-bau.com\/","title":{"rendered":"Startseite"},"content":{"rendered":"<p>[vc_section full_width=&#8220;stretch_row&#8220; css=&#8220;.vc_custom_1564516198145{background-image: url(https:\/\/tsi-bau.com\/wp-content\/uploads\/2018\/03\/slider2.jpg?id=1029) !important;background-position: center !important;background-repeat: no-repeat !important;background-size: cover !important;}&#8220;][vc_row css=&#8220;.vc_custom_1573502414409{padding-top: 150px !important;padding-bottom: 170px !important;}&#8220;][vc_column width=&#8220;1\/2&#8243;][vc_custom_heading text=&#8220;Willkommen bei der&#8220; font_container=&#8220;tag:h2|text_align:left|color:%23ffffff&#8220; google_fonts=&#8220;font_family:Open%20Sans%3A300%2C300italic%2Cregular%2Citalic%2C600%2C600italic%2C700%2C700italic%2C800%2C800italic|font_style:600%20bold%20regular%3A600%3Anormal&#8220;][vc_custom_heading text=&#8220;TSI-Bau GmbH&#8220; font_container=&#8220;tag:h1|font_size:60px|text_align:left|color:%23009ff2|line_height:60px&#8220; google_fonts=&#8220;font_family:Open%20Sans%3A300%2C300italic%2Cregular%2Citalic%2C600%2C600italic%2C700%2C700italic%2C800%2C800italic|font_style:800%20bold%20regular%3A800%3Anormal&#8220; css=&#8220;.vc_custom_1580476482359{margin-top: 10px !important;}&#8220;][vc_custom_heading text=&#8220;Ihr Team mit Jahrzehnte langer Erfahrung in Klein und Gro\u00dfprojekten.<br \/>\nUnsere hohe Praxiskompetenz mit einem konsequenten Projektmanagement garantiert unseren Kunden eine h\u00f6chst m\u00f6gliche Umsetzungssicherheit gem\u00e4\u00df der gemeinsam definierten Ziele.&#8220; font_container=&#8220;tag:p|text_align:left|color:%23ffffff&#8220; google_fonts=&#8220;font_family:Open%20Sans%3A300%2C300italic%2Cregular%2Citalic%2C600%2C600italic%2C700%2C700italic%2C800%2C800italic|font_style:400%20regular%3A400%3Anormal&#8220; css=&#8220;.vc_custom_1573502369719{margin-top: 20px !important;margin-bottom: 15px !important;}&#8220;]\r<!-- radiantthemes-button -->\r<div class=\"radiantthemes-button hover-style-one  \"  data-button-direction=\"center\" data-button-fullwidth=\"false\" ><a style=\"\" class=\"radiantthemes-button-main\" href=\"#service\"  title=\"\" target=\"_self\"><div class=\"placeholder\">Unser Service<\/div><\/a><\/div>\r<!-- radiantthemes-button -->\r[\/vc_column][vc_column width=&#8220;1\/2&#8243;][\/vc_column][\/vc_row][\/vc_section][vc_section full_width=&#8220;stretch_row&#8220; css=&#8220;.vc_custom_1552669875037{margin-top: 0px !important;margin-bottom: 0px !important;padding-top: 0px !important;padding-bottom: 0px !important;background-color: #f5f5f5 !important;}&#8220;][vc_row full_width=&#8220;stretch_row&#8220; css=&#8220;.vc_custom_1552857059695{margin-top: 0px !important;margin-bottom: 0px !important;padding-top: 30px !important;padding-bottom: 5px !important;}&#8220;][vc_column width=&#8220;1\/2&#8243; css=&#8220;.vc_custom_1520069366643{margin-top: 0px !important;margin-bottom: 30px !important;padding-top: 0px !important;padding-bottom: 0px !important;}&#8220; offset=&#8220;vc_col-lg-3 vc_col-md-3 vc_col-xs-12&#8243;]\r<!-- fancy-text-box -->\r<div class=\"rt-fancy-text-box element-three  wpb_animate_when_almost_visible wpb_zoomIn zoomIn \" ><div class=\"holder matchHeight  vc_custom_1552856575916\"><div class=\"icon\"><img loading=\"lazy\" decoding=\"async\" width=\"51\" height=\"51\" src=\"https:\/\/tsi-bau.com\/wp-content\/uploads\/2019\/03\/planung.png\" class=\"attachment-full size-full\" alt=\"\" \/><\/div><div class=\"heading\"><p class=\"title\">Planung<\/p><\/div><div class=\"content\"><p>Projektierung und Leitung von Bauvorhaben ( Phase 5 \u2013 8 )<\/p><\/div><\/div><\/div>\r<!-- fancy-text-box -->\r[\/vc_column][vc_column width=&#8220;1\/2&#8243; css=&#8220;.vc_custom_1520069379014{margin-top: 0px !important;margin-bottom: 30px !important;padding-top: 0px !important;padding-bottom: 0px !important;}&#8220; offset=&#8220;vc_col-lg-3 vc_col-md-3 vc_col-xs-12&#8243;]\r<!-- fancy-text-box -->\r<div class=\"rt-fancy-text-box element-three  wpb_animate_when_almost_visible wpb_zoomIn zoomIn \" ><div class=\"holder matchHeight  vc_custom_1562501389189\"><div class=\"icon\"><img loading=\"lazy\" decoding=\"async\" width=\"51\" height=\"51\" src=\"https:\/\/tsi-bau.com\/wp-content\/uploads\/2019\/03\/ausf\u00fchrung.png\" class=\"attachment-full size-full\" alt=\"\" \/><\/div><div class=\"heading\"><p class=\"title\">Ausf\u00fchrung als GU;G\u00dc<\/p><\/div><div class=\"content\"><p>Bauausf\u00fchrung als GU,G\u00dc f\u00fcr Bauherren<\/p><\/div><\/div><\/div>\r<!-- fancy-text-box -->\r[\/vc_column][vc_column width=&#8220;1\/2&#8243; css=&#8220;.vc_custom_1520069390279{margin-top: 0px !important;margin-bottom: 30px !important;padding-top: 0px !important;padding-bottom: 0px !important;}&#8220; offset=&#8220;vc_col-lg-3 vc_col-md-3 vc_col-xs-12&#8243;]\r<!-- fancy-text-box -->\r<div class=\"rt-fancy-text-box element-three  wpb_animate_when_almost_visible wpb_zoomIn zoomIn \" ><div class=\"holder matchHeight  vc_custom_1552856183925\"><div class=\"icon\"><img loading=\"lazy\" decoding=\"async\" width=\"51\" height=\"51\" src=\"https:\/\/tsi-bau.com\/wp-content\/uploads\/2019\/03\/network.png\" class=\"attachment-full size-full\" alt=\"\" \/><\/div><div class=\"heading\"><p class=\"title\">Organisation<\/p><\/div><div class=\"content\"><p>Organisation Back Office und Strukturierung f\u00fcr Baubeteiligte<\/p><\/div><\/div><\/div>\r<!-- fancy-text-box -->\r[\/vc_column][vc_column width=&#8220;1\/2&#8243; css=&#8220;.vc_custom_1520069402371{margin-top: 0px !important;margin-bottom: 30px !important;padding-top: 0px !important;padding-bottom: 0px !important;}&#8220; offset=&#8220;vc_col-lg-3 vc_col-md-3 vc_col-xs-12&#8243;]\r<!-- fancy-text-box -->\r<div class=\"rt-fancy-text-box element-three  wpb_animate_when_almost_visible wpb_zoomIn zoomIn \" ><div class=\"holder matchHeight  vc_custom_1562501367378\"><div class=\"icon\"><img loading=\"lazy\" decoding=\"async\" width=\"51\" height=\"51\" src=\"https:\/\/tsi-bau.com\/wp-content\/uploads\/2019\/03\/shield.png\" class=\"attachment-full size-full\" alt=\"\" \/><\/div><div class=\"heading\"><p class=\"title\">Fianzielle Sicherheit<\/p><\/div><div class=\"content\"><p>Referenzen bei der Bauleitung + Sicherheit durch gutes Finanzrating<\/p><\/div><\/div><\/div>\r<!-- fancy-text-box -->\r[\/vc_column][\/vc_row][\/vc_section][vc_row full_width=&#8220;stretch_row&#8220; css=&#8220;.vc_custom_1583426144966{margin-top: 0px !important;margin-bottom: 0px !important;padding-top: 130px !important;padding-bottom: 70px !important;background-color: #ffffff !important;}&#8220; el_id=&#8220;mission&#8220;][vc_column css_animation=&#8220;left-to-right&#8220; css=&#8220;.vc_custom_1525682075922{margin-top: 0px !important;margin-bottom: 40px !important;padding-top: 0px !important;padding-bottom: 0px !important;}&#8220;][vc_custom_heading text=&#8220;Unsere Mission&#8220; font_container=&#8220;tag:h2|font_size:37px|text_align:center|line_height:50px&#8220; use_theme_fonts=&#8220;yes&#8220; css=&#8220;.vc_custom_1583426137739{margin-top: -10px !important;}&#8220;][vc_zigzag color=&#8220;custom&#8220; el_width=&#8220;40&#8243; el_border_width=&#8220;10&#8243; custom_color=&#8220;#005683&#8243; css=&#8220;.vc_custom_1573497188296{margin-top: 0px !important;padding-bottom: 10px !important;}&#8220;][vc_column_text css=&#8220;.vc_custom_1583426159053{margin-top: 0px !important;margin-bottom: 17px !important;}&#8220;]<\/p>\n<p style=\"text-align: center;\"><strong>Unsere Mission ist es eine Organisation in der Baubranche zu etablieren, welche stolz darauf sein kann, hohe Projektstandards im Bereich Planung, Service und Bauausf\u00fchrung zu realisieren.<\/strong><\/p>\n<p style=\"text-align: center;\">Unser Kunden bekommen dadurch eine hohen Zuverl\u00e4ssigkeitsgrad in der Umsetzungsqualit\u00e4t, Tremintreue sowie der eingesetzten Finanzmittel. Uns ist bewu\u00dft, dass unsere Dienstleitung stets einer jahrzehntelanger Nutzung und Werterhaltung dient..<\/p>\n<p style=\"text-align: center;\">Aus diesem Grunde bieten wir unserem Kunden eine hohe Transparenz in unserem Handeln, um die uns gestellten Aufgaben effizient und effektiv mit hoher Fachkompetenz umzusetzen. Unsere gelebten Werte sind Fairness,Offenheit und Respekt im gesamten Umfeld.<\/p>\n<p style=\"text-align: center;\">Dabei hilft uns die Jahrzehnte lange Fachkompetenz aus diversen Branchen und Funktionalit\u00e4ten. Motivator ist ferner unsere Neugier uns nie mit dem Erreichten zufrieden zu geben, sondern uns auch durch gezielte Fortbildungsma\u00dfnahmen zum Wohle des Kunden stets weiter zu entwickeln.<\/p>\n<p>[\/vc_column_text][\/vc_column][\/vc_row][vc_row full_width=&#8220;stretch_row&#8220; gap=&#8220;30&#8243; equal_height=&#8220;yes&#8220; css=&#8220;.vc_custom_1552673496505{margin-top: 0px !important;margin-bottom: 0px !important;padding-top: 95px !important;padding-bottom: 95px !important;background-color: #f5f5f5 !important;}&#8220; el_id=&#8220;service&#8220;][vc_column width=&#8220;1\/3&#8243;][vc_custom_heading text=&#8220;Unser<br \/>\nService&#8220; font_container=&#8220;tag:h2|font_size:37px|text_align:left|line_height:50px&#8220; use_theme_fonts=&#8220;yes&#8220; el_class=&#8220;heading-h1&#8243;][vc_zigzag color=&#8220;custom&#8220; align=&#8220;left&#8220; el_width=&#8220;40&#8243; el_border_width=&#8220;10&#8243; custom_color=&#8220;#005683&#8243; css=&#8220;.vc_custom_1552672829268{padding-top: -10px !important;padding-bottom: 20px !important;}&#8220;][vc_column_text]<strong>Die breitgef\u00e4cherte Praxiserfahrung aus unseren Fach und F\u00fchrungsfunktionen gibt uns die M\u00f6glichkeit, Mittelst\u00e4ndlern auch einen Beratungsservice anzubieten die eigene Organisiation bzgl Prozesse und Effizienz weiter zu optimieren.<\/strong><\/p>\n<p><strong>Dabei k\u00f6nnen wir aktiv das laufende Gesch\u00e4ft unterst\u00fctzen, oder stehen temp\u00f6r\u00e4r mit Rat und Tat dem Inhaber oder der Mitarbeiter zur Verf\u00fcgung, Prozesse weiter zu optimieren.<\/strong>[\/vc_column_text][\/vc_column][vc_column width=&#8220;1\/3&#8243; css=&#8220;.vc_custom_1552400630007{margin-top: 0px !important;margin-bottom: 0px !important;padding-top: 70px !important;padding-right: 30px !important;padding-bottom: 70px !important;padding-left: 30px !important;background-color: #005683 !important;border-radius: 5px !important;}&#8220;][vc_single_image image=&#8220;3365&#8243; img_size=&#8220;full&#8220;][vc_custom_heading text=&#8220;hoher Zielerreichungsgrad&#8220; font_container=&#8220;tag:h2|font_size:20px|text_align:left|color:%23ffffff|line_height:30px&#8220; use_theme_fonts=&#8220;yes&#8220; css=&#8220;.vc_custom_1562500494745{margin-bottom: 10px !important;}&#8220;][vc_custom_heading text=&#8220;Basis s\u00e4mtlicher Projekte auch Bauprojekte sind praxisbew\u00e4hrte klare Rahmenbedingungen, sowie die konsequente Lenkung s\u00e4mtlicher Beteiligter , damit die Erfolgsfaktoren Qualit\u00e4t, Zeit und Kosten erreicht werden.<br \/>\nDieses Vorgehen ist bei uns selbstverst\u00e4ndlich, und unterscheidet uns vom klassischen Bausegment.&#8220; font_container=&#8220;tag:p|text_align:left|color:%23ffffff&#8220; use_theme_fonts=&#8220;yes&#8220;][\/vc_column][vc_column width=&#8220;1\/3&#8243; css=&#8220;.vc_custom_1552400623944{margin-top: 0px !important;margin-bottom: 0px !important;padding-top: 70px !important;padding-right: 30px !important;padding-bottom: 70px !important;padding-left: 30px !important;background-color: #1c1f28 !important;border-radius: 5px !important;}&#8220;][vc_single_image image=&#8220;3364&#8243; img_size=&#8220;full&#8220;][vc_custom_heading text=&#8220;alles aus einer Hand&#8220; font_container=&#8220;tag:h2|font_size:20px|text_align:left|color:%23ffffff|line_height:30px&#8220; use_theme_fonts=&#8220;yes&#8220; css=&#8220;.vc_custom_1562500558547{margin-bottom: 10px !important;}&#8220;][vc_custom_heading text=&#8220;Sollten unsere Kunden f\u00fcr ihr Projekt nur einen Ansprechpartner f\u00fcr ein gesamtes Bauprojekt w\u00fcnschen, so sind wir fallweise bereit, hier auch als GU bzw G\u00dc die Gesamtverantwortung zu \u00fcbernehmen. Dabei sichern wir unseren Kunden ihr eingesetztes Kapital sehr gerne \u00fcber Bankb\u00fcrgschaften ab. Damit konzentrieren wir uns mit unseren Kunden ausschlie\u00dflich auf inhaltliche Fachthemen.&#8220; font_container=&#8220;tag:p|text_align:left|color:%23ffffff&#8220; use_theme_fonts=&#8220;yes&#8220;][\/vc_column][\/vc_row][vc_section full_width=&#8220;stretch_row&#8220; css=&#8220;.vc_custom_1552673489614{margin-top: 0px !important;margin-bottom: 0px !important;padding-top: 0px !important;padding-bottom: 0px !important;background-color: #ffffff !important;}&#8220; el_id=&#8220;team&#8220;][vc_row full_width=&#8220;stretch_row&#8220; equal_height=&#8220;yes&#8220; content_placement=&#8220;middle&#8220; css=&#8220;.vc_custom_1520331881714{margin-top: 0px !important;margin-right: -15px !important;margin-bottom: 0px !important;margin-left: -15px !important;padding-top: 105px !important;padding-bottom: 15px !important;}&#8220;][vc_column width=&#8220;1\/6&#8243; css=&#8220;.vc_custom_1552398997393{padding-bottom: 0px !important;}&#8220;][\/vc_column][vc_column width=&#8220;2\/3&#8243;][vc_custom_heading text=&#8220;Ihr Ansprechpartner&#8220; font_container=&#8220;tag:h2|font_size:37px|text_align:center|line_height:50px&#8220; use_theme_fonts=&#8220;yes&#8220; css=&#8220;.vc_custom_1573497353577{margin-top: -5px !important;margin-bottom: 0px !important;}&#8220;][vc_column_text]<\/p>\n<p style=\"text-align: center;\">Wir suchen neue Mitarbeiter im Bereich Projektsteuerung<\/p>\n<p>[\/vc_column_text][\/vc_column][vc_column width=&#8220;1\/6&#8243;][\/vc_column][\/vc_row][vc_row css=&#8220;.vc_custom_1552674338406{margin-top: 0px !important;margin-right: 0px !important;margin-bottom: 0px !important;margin-left: 0px !important;padding-top: 0px !important;padding-bottom: 80px !important;}&#8220;][vc_column width=&#8220;1\/3&#8243;][\/vc_column][vc_column width=&#8220;1\/3&#8243;][vc_single_image image=&#8220;3335&#8243; img_size=&#8220;large&#8220; alignment=&#8220;center&#8220;][vc_custom_heading text=&#8220;Rainer Sautter&#8220; font_container=&#8220;tag:h4|text_align:center|color:%23005683&#8243; use_theme_fonts=&#8220;yes&#8220; css=&#8220;.vc_custom_1583432487690{margin-top: -25px !important;}&#8220;][vc_column_text]<\/p>\n<p style=\"text-align: center;\">Dipl. Ing FH<\/p>\n<p>[\/vc_column_text][\/vc_column][vc_column width=&#8220;1\/3&#8243;][\/vc_column][\/vc_row][\/vc_section][vc_section full_width=&#8220;stretch_row&#8220; css=&#8220;.vc_custom_1552674138759{margin-top: 50px !important;padding-bottom: 50px !important;background-color: #f5f5f5 !important;}&#8220; el_id=&#8220;projekte&#8220;][vc_row][vc_column][vc_custom_heading text=&#8220;Laufende Projekte&#8220; font_container=&#8220;tag:h2|font_size:37px|text_align:center|line_height:50px&#8220; use_theme_fonts=&#8220;yes&#8220;][vc_column_text]<\/p>\n<p style=\"text-align: center;\">Ein \u00dcberblick \u00fcber unsere aktuellen Projekte. Weitere Infos gerne auf Anfrage!<\/p>\n<p>[\/vc_column_text][vc_zigzag color=&#8220;custom&#8220; el_width=&#8220;30&#8243; el_border_width=&#8220;10&#8243; custom_color=&#8220;#005683&#8243; css=&#8220;.vc_custom_1552674791595{margin-top: -30px !important;padding-bottom: 40px !important;}&#8220;][\/vc_column][\/vc_row][vc_row css=&#8220;.vc_custom_1552674834904{margin-right: 20px !important;margin-bottom: 30px !important;margin-left: 20px !important;background-color: #ffffff !important;}&#8220; el_class=&#8220;laufende-projekte-schatten&#8220;][vc_column width=&#8220;1\/2&#8243;][vc_images_carousel images=&#8220;3410,3411,3296&#8243; img_size=&#8220;525&#215;287&#8243; autoplay=&#8220;yes&#8220;][\/vc_column][vc_column width=&#8220;1\/2&#8243;][vc_custom_heading text=&#8220;GU Projekt Ludwigsburg&#8220; use_theme_fonts=&#8220;yes&#8220; css=&#8220;.vc_custom_1552670477122{padding-bottom: 20px !important;}&#8220;][vc_column_text]MFH 8 WE Standard VDI 4100 STII + wei\u00dfer Wanne<\/p>\n<p>ca 800 qm wohnfl\u00e4che mit 8 TG Stellpl\u00e4tzen<\/p>\n<p>reine Bauzeit ca 15 Monate<\/p>\n<p><strong>Bezugsfertig: 1. Quartal 2020<\/strong>[\/vc_column_text][\/vc_column][\/vc_row][\/vc_section][vc_row full_width=&#8220;stretch_row_content_no_spaces&#8220; el_id=&#8220;kontakt&#8220;][vc_column][vc_gmaps link=&#8220;#E-8_JTNDaWZyYW1lJTIwc3JjJTNEJTIyaHR0cHMlM0ElMkYlMkZ3d3cuZ29vZ2xlLmNvbSUyRm1hcHMlMkZlbWJlZCUzRnBiJTNEJTIxMW0xOCUyMTFtMTIlMjExbTMlMjExZDI2NDEuODQ0MDY3MTkzMTclMjEyZDEyLjE2OTc4MTMxNTY2Mjk4MiUyMTNkNDguNTM2MjE5OTc5MjU3MTU0JTIxMm0zJTIxMWYwJTIxMmYwJTIxM2YwJTIxM20yJTIxMWkxMDI0JTIxMmk3NjglMjE0ZjEzLjElMjEzbTMlMjExbTIlMjExczB4NDc5ZTI2NDAxNTNkN2RlMSUyNTNBMHgxNmY4MDliYTkxYzc2MTFkJTIxMnNNb25pYmVyZyUyQjM2JTI1MkMlMkI4NDAyOCUyQkxhbmRzaHV0JTIxNWUwJTIxM20yJTIxMXNkZSUyMTJzZGUlMjE0djE1NjI1MDE1NTI1NzUlMjE1bTIlMjExc2RlJTIxMnNkZSUyMiUyMHdpZHRoJTNEJTIyNjAwJTIyJTIwaGVpZ2h0JTNEJTIyNDUwJTIyJTIwZnJhbWVib3JkZXIlM0QlMjIwJTIyJTIwc3R5bGUlM0QlMjJib3JkZXIlM0EwJTIyJTIwYWxsb3dmdWxsc2NyZWVuJTNFJTNDJTJGaWZyYW1lJTNF&#8220; el_class=&#8220;map-color-gray&#8220; css=&#8220;.vc_custom_1562501583850{margin-top: 0px !important;margin-bottom: 0px !important;padding-top: 0px !important;padding-bottom: 0px !important;}&#8220;][\/vc_column][\/vc_row][vc_section full_width=&#8220;stretch_row&#8220; el_class=&#8220;overflow-visible&#8220; css=&#8220;.vc_custom_1552398234999{margin-top: 0px !important;margin-bottom: 0px !important;background-color: #005683 !important;}&#8220;][vc_row css=&#8220;.vc_custom_1552398224464{margin-top: -180px !important;margin-right: 0px !important;margin-bottom: -85px !important;margin-left: 0px !important;padding-top: 0px !important;padding-bottom: 0px !important;}&#8220;][vc_column width=&#8220;1\/3&#8243; el_class=&#8220;home-one-section-box&#8220; css=&#8220;.vc_custom_1573498605241{margin-bottom: 0px !important;border-right-width: 1px !important;padding-top: 75px !important;padding-right: 58px !important;padding-bottom: 75px !important;padding-left: 58px !important;background-color: #ffffff !important;background-position: 0 0 !important;background-repeat: no-repeat !important;border-right-color: #dadadc !important;border-right-style: solid !important;}&#8220;][vc_icon type=&#8220;linecons&#8220; icon_linecons=&#8220;vc_li vc_li-shop&#8220; color=&#8220;black&#8220; size=&#8220;xl&#8220; align=&#8220;center&#8220; css=&#8220;.vc_custom_1573500651512{margin-bottom: 10px !important;}&#8220;][vc_custom_heading text=&#8220;TSI Bau GMBH&#8220; font_container=&#8220;tag:h4|font_size:22px|text_align:center|color:%23020202|line_height:27px&#8220; use_theme_fonts=&#8220;yes&#8220; el_class=&#8220;font-weight-semi-bold&#8220; css=&#8220;.vc_custom_1573500539351{margin-top: 0px !important;margin-bottom: 10px !important;}&#8220;][vc_column_text]<\/p>\n<p style=\"text-align: center;\">Moniberg 36<br \/>\n84028 Landshut<\/p>\n<p>[\/vc_column_text][\/vc_column][vc_column width=&#8220;1\/3&#8243; el_class=&#8220;home-one-section-box&#8220; css=&#8220;.vc_custom_1552397913662{margin-top: 0px !important;margin-bottom: 0px !important;padding-top: 75px !important;padding-right: 58px !important;padding-bottom: 75px !important;padding-left: 58px !important;background-color: #ffffff !important;background-position: 0 0 !important;background-repeat: no-repeat !important;}&#8220;][vc_icon type=&#8220;linecons&#8220; icon_linecons=&#8220;vc_li vc_li-shop&#8220; color=&#8220;black&#8220; size=&#8220;xl&#8220; align=&#8220;center&#8220; css=&#8220;.vc_custom_1573500560840{margin-bottom: 10px !important;}&#8220;][vc_custom_heading text=&#8220;Standort 2&#8243; font_container=&#8220;tag:h4|font_size:22px|text_align:center|color:%23020202|line_height:27px&#8220; use_theme_fonts=&#8220;yes&#8220; el_class=&#8220;font-weight-semi-bold&#8220; css=&#8220;.vc_custom_1573500544635{margin-top: 0px !important;margin-bottom: 10px !important;}&#8220;][vc_column_text]<\/p>\n<p style=\"text-align: center;\">Korntaler Stra\u00dfe 22<br \/>\n71636 Ludwigsburg<\/p>\n<p>[\/vc_column_text][\/vc_column][vc_column width=&#8220;1\/3&#8243; el_class=&#8220;home-one-section-box&#8220; css=&#8220;.vc_custom_1573498590886{margin-top: 0px !important;margin-bottom: 0px !important;border-left-width: 1px !important;padding-top: 75px !important;padding-right: 58px !important;padding-bottom: 75px !important;padding-left: 58px !important;background-color: #ffffff !important;background-position: 0 0 !important;background-repeat: no-repeat !important;border-left-color: #dadadc !important;border-left-style: solid !important;}&#8220;][vc_icon type=&#8220;linecons&#8220; icon_linecons=&#8220;vc_li vc_li-mail&#8220; color=&#8220;black&#8220; size=&#8220;xl&#8220; align=&#8220;center&#8220; css=&#8220;.vc_custom_1573500565584{margin-bottom: 10px !important;}&#8220;][vc_custom_heading text=&#8220;Kontakt Info&#8220; font_container=&#8220;tag:h4|font_size:22px|text_align:center|color:%23020202|line_height:27px&#8220; use_theme_fonts=&#8220;yes&#8220; el_class=&#8220;font-weight-semi-bold&#8220; css=&#8220;.vc_custom_1573500549791{margin-top: 0px !important;margin-bottom: 10px !important;}&#8220;][vc_column_text]<\/p>\n<p style=\"text-align: center;\"><span style=\"color: #010101;\"><a style=\"color: #010101;\" href=\"mailto:tsi.wohnen@aol.com\">tsi.wohnen@aol.com<\/a><\/span><br \/>\n<span style=\"color: #010101;\">Mobil: 0170 6520427<br \/>\n<\/span><\/p>\n<p>[\/vc_column_text][\/vc_column][\/vc_row][vc_row full_width=&#8220;stretch_row&#8220; equal_height=&#8220;yes&#8220; content_placement=&#8220;middle&#8220; css=&#8220;.vc_custom_1552398539941{margin-top: 0px !important;margin-bottom: 0px !important;padding-top: 0px !important;padding-bottom: 40px !important;background-position: center !important;background-repeat: no-repeat !important;background-size: cover !important;}&#8220;][vc_column offset=&#8220;vc_hidden-xs&#8220;][vc_custom_heading text=&#8220;Wir freuen uns auf Ihre Anfrage!&#8220; font_container=&#8220;tag:h3|font_size:28px|text_align:center|color:%23ffffff|line_height:40px&#8220; use_theme_fonts=&#8220;yes&#8220; el_class=&#8220;font-weight-regular&#8220;][\/vc_column][\/vc_row][\/vc_section]<\/p>\n","protected":false},"excerpt":{"rendered":"<p>[vc_section full_width=&#8220;stretch_row&#8220; css=&#8220;.vc_custom_1564516198145{background-image: url(https:\/\/tsi-bau.com\/wp-content\/uploads\/2018\/03\/slider2.jpg?id=1029) !important;background-position: center !important;background-repeat: no-repeat !important;background-size: cover !important;}&#8220;][vc_row css=&#8220;.vc_custom_1573502414409{padding-top: 150px !important;padding-bottom: 170px !important;}&#8220;][vc_column width=&#8220;1\/2&#8243;][vc_custom_heading text=&#8220;Willkommen bei der&#8220; font_container=&#8220;tag:h2|text_align:left|color:%23ffffff&#8220; google_fonts=&#8220;font_family:Open%20Sans%3A300%2C300italic%2Cregular%2Citalic%2C600%2C600italic%2C700%2C700italic%2C800%2C800italic|font_style:600%20bold%20regular%3A600%3Anormal&#8220;][vc_custom_heading text=&#8220;TSI-Bau GmbH&#8220; font_container=&#8220;tag:h1|font_size:60px|text_align:left|color:%23009ff2|line_height:60px&#8220; google_fonts=&#8220;font_family:Open%20Sans%3A300%2C300italic%2Cregular%2Citalic%2C600%2C600italic%2C700%2C700italic%2C800%2C800italic|font_style:800%20bold%20regular%3A800%3Anormal&#8220; css=&#8220;.vc_custom_1580476482359{margin-top: 10px !important;}&#8220;][vc_custom_heading text=&#8220;Ihr Team mit Jahrzehnte langer Erfahrung in Klein und Gro\u00dfprojekten. Unsere hohe Praxiskompetenz mit einem konsequenten Projektmanagement garantiert unseren Kunden eine h\u00f6chst m\u00f6gliche Umsetzungssicherheit gem\u00e4\u00df der [&hellip;]<\/p>\n","protected":false},"author":1,"featured_media":0,"parent":0,"menu_order":0,"comment_status":"closed","ping_status":"closed","template":"","meta":{"footnotes":""},"_links":{"self":[{"href":"https:\/\/tsi-bau.com\/index.php?rest_route=\/wp\/v2\/pages\/3184"}],"collection":[{"href":"https:\/\/tsi-bau.com\/index.php?rest_route=\/wp\/v2\/pages"}],"about":[{"href":"https:\/\/tsi-bau.com\/index.php?rest_route=\/wp\/v2\/types\/page"}],"author":[{"embeddable":true,"href":"https:\/\/tsi-bau.com\/index.php?rest_route=\/wp\/v2\/users\/1"}],"replies":[{"embeddable":true,"href":"https:\/\/tsi-bau.com\/index.php?rest_route=%2Fwp%2Fv2%2Fcomments&post=3184"}],"version-history":[{"count":82,"href":"https:\/\/tsi-bau.com\/index.php?rest_route=\/wp\/v2\/pages\/3184\/revisions"}],"predecessor-version":[{"id":3422,"href":"https:\/\/tsi-bau.com\/index.php?rest_route=\/wp\/v2\/pages\/3184\/revisions\/3422"}],"wp:attachment":[{"href":"https:\/\/tsi-bau.com\/index.php?rest_route=%2Fwp%2Fv2%2Fmedia&parent=3184"}],"curies":[{"name":"wp","href":"https:\/\/api.w.org\/{rel}","templated":true}]}}